5, what is 5 - -2ac6?
2acb
In base 3, what is -10002021 + -10000?
-10012021
In base 5, what is -112033 + -1011?
-113044
In base 5, what is -1033301144 - -10?
-1033301134
In base 13, what is -8c2 + -29?
-91b
In base 3, what is 100111 - 2200?
20211
In base 15, what is -c8968 + -5?
-c896d
In base 7, what is 2051263 - 0?
2051263
In base 4, what is -222 + -101200?
-102022
In base 11, what is -666408 - 3?
-666410
In base 9, what is -12 + 5652?
5640
In base 9, what is 262515 - 1?
262514
In base 7, what is -34 - -543255?
543221
In base 2, what is -110110001010000 + 101?
-110110001001011
In base 10, what is 4 + 234217?
234221
In base 12, what is -152362 + 4?
-15235a
In base 4, what is -2010323 + 3?
-2010320
In base 7, what is -2 + 21423?
21421
In base 6, what is -105 - -2422?
2313
In base 5, what is 141 - -3424?
4120
In base 5, what is -13 + -33021?
-33034
In base 3, what is 122000012121 + -1?
122000012120
In base 16, what is -5e2 - -1?
-5e1
In base 3, what is -212000 - 10122?
-222122
In base 11, what is 1 - -26792?
26793
In base 7, what is 0 + 4564302?
4564302
In base 5, what is -141333 - 3?
-141341
In base 16, what is -d0 - -1d?
-b3
In base 12, what is bb30 + -21?
bb0b
In base 4, what is -11 - 2032110?
-2032121
In base 5, what is 212044 - 24?
212020
In base 3, what is 1102 - -120201?
122010
In base 2, what is 11100 + -1010010011110?
-1010010000010
In base 6, what is -3 + -50542?
-50545
In base 15, what is -d + 10b0?
10a2
In base 12, what is 2 - 1008?
-1006
In base 12, what is 1b + -1b0?
-191
In base 12, what is -4 + -899?
-8a1
In base 16, what is 5 + -207b?
-2076
In base 6, what is 5 - 1340045?
-1340040
In base 4, what is -13332213001 - 10?
-13332213011
In base 9, what is -273406 - 0?
-273406
In base 16, what is -26 + -7c?
-a2
In base 15, what is -25647 + -5?
-2564c
In base 14, what is -67 + -50?
-b7
In base 15, what is -331d - -1?
-331c
In base 3, what is 11200211212 - -10?
11200211222
In base 2, what is 11101101101001 + -110?
11101101100011
In base 4, what is 100121 + 1122?
101303
In base 16, what is -1af4 - 21?
-1b15
In base 12, what is 21 - 4b5?
-494
In base 11, what is -a91 - -29?
-a63
In base 9, what is -71461 + -1?
-71462
In base 5, what is -2 - -1203323?
1203321
In base 11, what is -1 - 517a7?
-517a8
In base 7, what is 2 + -2000264?
-2000262
In base 7, what is -264406 + -12?
-264421
In base 4, what is 1210323 + -110?
1210213
In base 3, what is 12111221211 + -10?
12111221201
In base 5, what is 130222 + 41?
130313
In base 3, what is -2212111 - -1220?
-2210121
In base 10, what is -5915 + 20?
-5895
In base 8, what is 0 - -145766?
145766
In base 4, what is -10233 - -1122012?
1111113
In base 14, what is -1057 - 1?
-1058
In base 12, what is -18 + 2a53?
2a37
In base 11, what is 11 + -6018a?
-60179
In base 3, what is 1021121221102 + -12?
1021121221020
In base 8, what is -26212 - -2?
-26210
In base 4, what is -121232 - 3311?
-131203
In base 9, what is -306 + -12?
-318
In base 4, what is -111101030 - -10?
-111101020
In base 5, what is 14023 + 3201?
22224
In base 4, what is 1312 + -1120?
132
In base 15, what is -7545b - 2?
-7545d
In base 12, what is -9 - b9b6?
-ba03
In base 7, what is -2 - -44646?
44644
In base 7, what is -1254603 + -2?
-1254605
In base 14, what is 321 - 2d?
2d2
In base 5, what is -442022 + 131?
-441341
In base 4, what is -11 + 2232100023?
2232100012
In base 11, what is -170 - -79?
-a2
In base 13, what is 1419 - -4?
1420
In base 15, what is d + -1c?
-e
In base 5, what is -141404 + -321?
-142230
In base 8, what is -6047204 + -1?
-6047205
In base 2, what is 101011011101101010110 - 1?
101011011101101010101
In base 14, what is -14108 + 1?
-14107
In base 6, what is 30035 - 3?
30032
In base 12, what is -2482 + 9?
-2475
In base 5, what is 100444 + -11221?
34223
In base 16, what is -2 - -4e630?
4e62e
In base 11, what is -a + 62?
53
In base 8, what is 1140025 + -4?
1140021
In base 15, what is -5b - -c?
-4e
In base 12, what is 2940b + 5?
29414
In base 14, what is -88a + b?
-87d
In base 14, what is -29 + 14c?
123
In base 7, what is -14331446 - -1?
-14331445
In base 11, what is 42 + -9a4?
-962
In base 3, what is -110 - 12011111?
-12011221
In base 13, what is -2b2 + 42?
-270
In base 15, what is -5b516b - -1?
-5b516a
In base 4, what is 130112222 - 22?
130112200
In base 3, what is -11100 - 1112110?
-1200210
In base 3, what is 12 - -202122220?
202200002
In base 5, what is 1243420 + 102?
1244022
In base 3, what is -100012 + 200120?
100101
In base 8, what is -163505 - 0?
-163505
In base 6, what is -144002 + -20?
-144022
In base 15, what is 2a4c - 6?
2a46
In base 9, what is -73 - -127?
44
In base 11, what is 11 + -17500?
-1749a
In base 11, what is -329 + 27?
-302
In base 11, what is -271 - -4a2?
231
In base 12, what is 9 + 4914?
4921
In base 12, what is -74572 - 1?
-74573
In base 9, what is 21 - 25184?
-25163
In base 2, what is 1001011 - 1000101?
110
In base 2, what is 101 - -100110011110100?
100110011111001
In base 16, what is 4a8 - -2dd?
785
In base 14, what is 1 + -158?
-157
In base 3, what is -1100112 + -11110?
-1111222
In base 9, what is 2 + -502?
-500
In base 5, what is -442421 + 3?
-442413
In base 10, what is 5 - 217433?
-217428
In base 2, what is -11010001011000000 - 0?
-11010001011000000
In base 12, what is -270a6 + 31?
-27075
In base 12, what is -5 - 4a40b?
-4a414
In base 9, what is 0 + 72888?
72888
In base 10, what is 2055 + 9?
2064
In base 11, what is 5240 + 2?
5242
In base 2, what is 1 - -10100111111001?
10100111111010
In base 12, what is 4 - 290762?
-29075a
In base 3, what is -2 - -10221121022?
10221121020
In base 15, what is 197d + -15?
1968
In base 16, what is 97 - -b6?
14d
In base 6, what is 1 - -23222042?
23222043
In base 2, what is 110100110010 - -1100?
110100111110
In base 14, what is 52b + -3a?
4d1
In base 6, what is 3340 - 52122?
-44342
In base 7, what is 606120 - -33?
606153
In base 15, what is 10d74 - -10?
10d84
In base 16, what is 7 + -9450?
-9449
In base 6, what is -210023 - 11?
-210034
In base 7, what is 3016 + 6455?
12504
In base 15, what is 1 - 9cc88?
-9cc87
In base 5, what is 4 - 22212?
-22203
In base 10, what is -1246320 - 2?
-1246322
In base 14, what is -7 - 16007?
-16010
In base 8, what is 11 + -7431?
-7420
In base 5, what is 131133 + -121?
131012
In base 4, what is -20002122 + -2?
-20002130
In base 9, what is 3 + -365201?
-365187
In base 4, what is 3 + -21310333?
-21310330
In base 9, what is -1373 - -837?
-435
In base 4, what is 22 + -1131211?
-1131123
In base 5, what is -34 - -14224?
14140
In base 8, what is 0 + -42170?
-42170
In base 15, what is -548 - -3d?
-50a
In base 7, what is -165412 + -16?
-165431
In base 2, what is -11 + 1100010111110000011?
1100010111110000000
In base 11, what is 11 + 19?
2a
In base 2, what is 1110 - -11101001?
11110111
In base 2, what is 10110000101011 + -1010111?
10101111010100
In base 14, what is 188 - -16?
1a0
In base 11, what is 2 - -5479a7?
5479a9
In base 11, what is -27095 - 5?
-2709a
In base 13, what is 1c - -5bb?
60a
In base 14, what is -12c6 - 3b5?
-169b
In base 14, what is -2 + -9066b?
-9066d
In base 7, what is 5 - -130231?
130236
In base 16, what is -9a60 - 1?
-9a61
In base 11, what is -185462 + -5?
-185467
In base 11, what is 2 + -152170?
-152169
In base 3, what is -22002 - 121022?
-220101
In base 8, what is -376134 + 0?
-376134
In base 2, what is 11 + -1111001111100?
-1111001111001
In base 13, what is 2649 + -51?
25c8
In base 7, what is 40 - -1054200?
1054240
In base 3, what is -100120 - 1100122?
-1201012
In base 7, what is -1012651 + -3?
-1012654
In base 5, what is -12 - 2431?
-2443
In base 15, what is -27942a + 2?
-279428
In base 2, what is 10 + -1000000110100111100?
-1000000110100111010
In base 10, what is -5 + -307639?
-307644
In base 6, what is -3 - 11200?
-11203
In base 10, what is 3659 - 598?
3061
In base 13, what is 0 + -c10a?
-c10a
In base 14, what is -5 - 628d?
-6294
In base 15, what is -134 + 23?
-111
In base 11, what is -4a + 675?
626
In base 11, what is -22024 + 13?
-22011
In base 7, what is -14401645 + 3?
-14401642
In base 16, what is -3 - -148a20?
148a1d
In base 5, what is -2102 + -1114?
-3221
In base 14, what is 62 + 37a4?
3826
In base 4, what is -130120123 - -10?
-130120113
In base 2, what is 1110100101010 + -100?
1110100100110
In base 3, what is 12202110101000